{"id":1161,"date":"2022-05-17T12:52:46","date_gmt":"2022-05-17T16:52:46","guid":{"rendered":"https:\/\/ssenc.sendittoweb.com\/?page_id=1161"},"modified":"2024-05-21T13:06:37","modified_gmt":"2024-05-21T17:06:37","slug":"pensee-historique","status":"publish","type":"page","link":"https:\/\/ssencressc.ca\/fr\/rayonnement\/pensee-historique\/","title":{"rendered":"Pens\u00e9e historique"},"content":{"rendered":"<p>[et_pb_section fb_built=\u00a0\u00bb1&Prime; custom_padding_last_edited=\u00a0\u00bbon|desktop\u00a0\u00bb _builder_version=\u00a0\u00bb4.17.4&Prime; background_enable_color=\u00a0\u00bboff\u00a0\u00bb background_image=\u00a0\u00bbhttps:\/\/ssencressc.ca\/wp-content\/uploads\/2022\/06\/banner_advocacy.jpg\u00a0\u00bb background_position=\u00a0\u00bbtop_center\u00a0\u00bb height=\u00a0\u00bb250px\u00a0\u00bb custom_padding=\u00a0\u00bb50px||50px||false|false\u00a0\u00bb custom_padding_tablet=\u00a0\u00bb0px||0px||true|false\u00a0\u00bb custom_padding_phone=\u00a0\u00bb0px||0px||true|false\u00a0\u00bb da_disable_devices=\u00a0\u00bboff|off|off\u00a0\u00bb global_colors_info=\u00a0\u00bb{}\u00a0\u00bb da_is_popup=\u00a0\u00bboff\u00a0\u00bb da_exit_intent=\u00a0\u00bboff\u00a0\u00bb da_has_close=\u00a0\u00bbon\u00a0\u00bb da_alt_close=\u00a0\u00bboff\u00a0\u00bb da_dark_close=\u00a0\u00bboff\u00a0\u00bb da_not_modal=\u00a0\u00bbon\u00a0\u00bb da_is_singular=\u00a0\u00bboff\u00a0\u00bb da_with_loader=\u00a0\u00bboff\u00a0\u00bb da_has_shadow=\u00a0\u00bbon\u00a0\u00bb][et_pb_row _builder_version=\u00a0\u00bb4.16&Prime; background_size=\u00a0\u00bbinitial\u00a0\u00bb background_position=\u00a0\u00bbtop_left\u00a0\u00bb background_repeat=\u00a0\u00bbrepeat\u00a0\u00bb global_colors_info=\u00a0\u00bb{}\u00a0\u00bb][et_pb_column type=\u00a0\u00bb4_4&Prime; _builder_version=\u00a0\u00bb4.16&Prime; custom_padding=\u00a0\u00bb|||\u00a0\u00bb global_colors_info=\u00a0\u00bb{}\u00a0\u00bb custom_padding__hover=\u00a0\u00bb|||\u00a0\u00bb][et_pb_text admin_label=\u00a0\u00bbPage Title\u00a0\u00bb _builder_version=\u00a0\u00bb4.18.0&Prime; header_text_color=\u00a0\u00bb#FFFFFF\u00a0\u00bb header_font_size=\u00a0\u00bb60px\u00a0\u00bb background_size=\u00a0\u00bbinitial\u00a0\u00bb background_position=\u00a0\u00bbtop_left\u00a0\u00bb background_repeat=\u00a0\u00bbrepeat\u00a0\u00bb max_width=\u00a0\u00bb65%\u00a0\u00bb max_width_tablet=\u00a0\u00bb100%\u00a0\u00bb max_width_phone=\u00a0\u00bb100%\u00a0\u00bb max_width_last_edited=\u00a0\u00bbon|desktop\u00a0\u00bb header_font_size_tablet=\u00a0\u00bb50px\u00a0\u00bb header_font_size_phone=\u00a0\u00bb40px\u00a0\u00bb header_font_size_last_edited=\u00a0\u00bbon|phone\u00a0\u00bb global_colors_info=\u00a0\u00bb{}\u00a0\u00bb]<\/p>\n<h1>Pens\u00e9e historique<\/h1>\n<p>[\/et_pb_text][\/et_pb_column][\/et_pb_row][\/et_pb_section][et_pb_section fb_built=\u00a0\u00bb1&Prime; module_id=\u00a0\u00bbhistory\u00a0\u00bb _builder_version=\u00a0\u00bb4.17.4&Prime; _module_preset=\u00a0\u00bbdefault\u00a0\u00bb custom_padding=\u00a0\u00bb0px||||false|false\u00a0\u00bb da_disable_devices=\u00a0\u00bboff|off|off\u00a0\u00bb global_colors_info=\u00a0\u00bb{}\u00a0\u00bb da_is_popup=\u00a0\u00bboff\u00a0\u00bb da_exit_intent=\u00a0\u00bboff\u00a0\u00bb da_has_close=\u00a0\u00bbon\u00a0\u00bb da_alt_close=\u00a0\u00bboff\u00a0\u00bb da_dark_close=\u00a0\u00bboff\u00a0\u00bb da_not_modal=\u00a0\u00bbon\u00a0\u00bb da_is_singular=\u00a0\u00bboff\u00a0\u00bb da_with_loader=\u00a0\u00bboff\u00a0\u00bb da_has_shadow=\u00a0\u00bbon\u00a0\u00bb][et_pb_row _builder_version=\u00a0\u00bb4.17.4&Prime; _module_preset=\u00a0\u00bbdefault\u00a0\u00bb global_colors_info=\u00a0\u00bb{}\u00a0\u00bb][et_pb_column type=\u00a0\u00bb4_4&Prime; _builder_version=\u00a0\u00bb4.17.4&Prime; _module_preset=\u00a0\u00bbdefault\u00a0\u00bb global_colors_info=\u00a0\u00bb{}\u00a0\u00bb][et_pb_text admin_label=\u00a0\u00bbText Block\u00a0\u00bb _builder_version=\u00a0\u00bb4.18.0&Prime; _module_preset=\u00a0\u00bbdefault\u00a0\u00bb text_font_size=\u00a0\u00bb30px\u00a0\u00bb text_line_height=\u00a0\u00bb1.25em\u00a0\u00bb header_2_text_color=\u00a0\u00bb#2279bd\u00a0\u00bb header_2_font_size=\u00a0\u00bb30px\u00a0\u00bb custom_margin=\u00a0\u00bb||||false|false\u00a0\u00bb global_colors_info=\u00a0\u00bb{}\u00a0\u00bb]<\/p>\n<h2>\u00c9nonc\u00e9 du SSENC\/RESSC sur l\u2019incorporation de concepts de la pens\u00e9e historique<\/h2>\n<p>[\/et_pb_text][et_pb_text admin_label=\u00a0\u00bbText Block\u00a0\u00bb _builder_version=\u00a0\u00bb4.18.0&Prime; _module_preset=\u00a0\u00bbdefault\u00a0\u00bb global_colors_info=\u00a0\u00bb{}\u00a0\u00bb]<\/p>\n<p>En tant qu\u2019enseignantes et enseignants d\u2019histoire, nous soutenons et d\u00e9fendons l\u2019inclusion de concepts historiques dans l\u2019apprentissage des sciences sociales partout au Canada. La pens\u00e9e historique doit \u00eatre ench\u00e2ss\u00e9e dans les programmes provinciaux afin de garantir que tous les enseignantes et enseignants utilisent ces aptitudes. Gr\u00e2ce \u00e0 l\u2019utilisation de la pens\u00e9e historique et d\u2019autres formes de pens\u00e9e critique, les cours d\u2019histoire offrent l\u2019occasion aux \u00e9l\u00e8ves de se transformer. Tandis que le contenu des cours d\u2019histoire (\u00e9v\u00e9nements, dates et personnes) est important, il est encore plus important que les \u00e9l\u00e8ves interpr\u00e8tent, analysent et recherchent de l\u2019information historique eux-m\u00eames plut\u00f4t que de simplement l\u2019ing\u00e9rer.\u00a0<\/p>\n<p>Un cadre conceptuel qui repose sur six concepts de la pens\u00e9e historique a \u00e9t\u00e9 cr\u00e9\u00e9. Ces travaux ont \u00e9t\u00e9 int\u00e9gr\u00e9s dans les sph\u00e8res universitaires canadiennes et les programmes scolaires provinciaux et sont soutenus par un grand nombre d\u2019enseignantes et d\u2019enseignants du primaire et secondaire. La publication The Big Six d\u00e9crit les six concepts et la fa\u00e7on de les utiliser efficacement. Voici certaines des id\u00e9es principales du Projet de la pens\u00e9e historique\u00a0:\u00a0<\/p>\n<ul>\n<li aria-level=\"1\">Pour \u00e9tablir la pertinence historique, il faut demander aux \u00e9l\u00e8ves d\u2019examiner les \u00e9l\u00e9ments dont on choisit de se souvenir et pourquoi.\u00a0\u00a0<\/li>\n<li aria-level=\"1\">En utilisant des sources primaires, on peut donner vie \u00e0 l\u2019histoire gr\u00e2ce \u00e0 l\u2019\u00e9tude historique authentique.\u00a0<\/li>\n<li aria-level=\"1\">Il est utile de d\u00e9finir la continuit\u00e9 et le changement pour d\u00e9velopper une meilleure compr\u00e9hension des \u00e9v\u00e9nements historiques.\u00a0<\/li>\n<li aria-level=\"1\">L\u2019analyse des causes et des cons\u00e9quences exige l\u2019exploration des raisons pour lesquelles les \u00e9v\u00e9nements se produisent, des facteurs qui y contribuent, des r\u00e9sultats de ces \u00e9v\u00e9nements et des fa\u00e7ons dont les \u00e9v\u00e9nements ont souvent des cons\u00e9quences ind\u00e9sirables.\u00a0<\/li>\n<li aria-level=\"1\">L\u2019adoption d\u2019une perspective historique exige que les \u00e9l\u00e8ves comprennent les diff\u00e9rentes perspectives entourant un \u00e9v\u00e9nement historique.\u00a0<\/li>\n<li aria-level=\"1\">La compr\u00e9hension de la dimension \u00e9thique exige d\u2019examiner les anciens \u00e9v\u00e9nements selon la lentille du pass\u00e9 plut\u00f4t que de les juger en vertu des normes actuelles.\u00a0<\/li>\n<li aria-level=\"1\">Il est aussi important que les enseignantes et enseignants reconnaissent le caract\u00e8re contestable des \u00e9v\u00e9nements historiques \u2013 que leur importance peut varier selon le groupe et l\u2019\u00e9poque.\u00a0<\/li>\n<li aria-level=\"1\">L\u2019examen de son propre narratif historique doit \u00eatre une pratique courante de l\u2019enseignement des sciences sociales.\u00a0<\/li>\n<li aria-level=\"1\">Les enseignantes et enseignants doivent encourager les \u00e9l\u00e8ves \u00e0 cr\u00e9er leur propre narratif historique, au moyen duquel ils peuvent \u00e9tablir leur identit\u00e9, se situer dans l\u2019histoire et trouver des raisons d\u2019agir.\u00a0<\/li>\n<li aria-level=\"1\">Les enseignantes et enseignants doivent favoriser la capacit\u00e9 d\u2019agir des \u00e9l\u00e8ves et leur permettre de se voir comme acteur dans le processus d\u2019apprentissage de leurs histoires.\u00a0<\/li>\n<\/ul>\n<p><a href=\"https:\/\/education.alberta.ca\/media\/160209\/program-of-study-grade-10.pdf\" target=\"_blank\" rel=\"noopener\">\u00a0Il est question de pens\u00e9e historique \u00e0 la page 9 du programme de sciences sociales de l\u2019Alberta (2005)<\/a><\/p>\n<p><a href=\"https:\/\/historicalthinking.ca\/historical-thinking-concepts\" target=\"_blank\" rel=\"noopener\">https:\/\/historicalthinking.ca\/historical-thinking-concepts<\/a><\/p>\n<p><a href=\"https:\/\/tc2.ca\/en\/creative-collaborative-critical-thinking\/resources\/thinking-about-history\/\" target=\"_blank\" rel=\"noopener\">https:\/\/tc2.ca\/en\/creative-collaborative-critical-thinking\/resources\/thinking-about-history\/<\/a>\u00a0<\/p>\n<p>[\/et_pb_text][\/et_pb_column][\/et_pb_row][et_pb_row column_structure=\u00a0\u00bb1_2,1_2&Prime; _builder_version=\u00a0\u00bb4.25.1&Prime; _module_preset=\u00a0\u00bbdefault\u00a0\u00bb custom_margin=\u00a0\u00bb-47px|auto||auto||\u00a0\u00bb global_colors_info=\u00a0\u00bb{}\u00a0\u00bb][et_pb_column type=\u00a0\u00bb1_2&Prime; _builder_version=\u00a0\u00bb4.25.1&Prime; _module_preset=\u00a0\u00bbdefault\u00a0\u00bb global_colors_info=\u00a0\u00bb{}\u00a0\u00bb][\/et_pb_column][et_pb_column type=\u00a0\u00bb1_2&Prime; _builder_version=\u00a0\u00bb4.25.1&Prime; _module_preset=\u00a0\u00bbdefault\u00a0\u00bb global_colors_info=\u00a0\u00bb{}\u00a0\u00bb][et_pb_button button_url=\u00a0\u00bb@ET-DC@eyJkeW5hbWljIjp0cnVlLCJjb250ZW50IjoicG9zdF9saW5rX3VybF9wYWdlIiwic2V0dGluZ3MiOnsicG9zdF9pZCI6IjExNjcifX0=@\u00a0\u00bb button_text=\u00a0\u00bbContinuer \u00e0 \u00e9quit\u00e9, diversit\u00e9 et inclusion\u00a0\u00bb button_alignment=\u00a0\u00bbright\u00a0\u00bb _builder_version=\u00a0\u00bb4.25.1&Prime; _dynamic_attributes=\u00a0\u00bbbutton_url\u00a0\u00bb _module_preset=\u00a0\u00bbdefault\u00a0\u00bb custom_button=\u00a0\u00bbon\u00a0\u00bb button_text_size=\u00a0\u00bb14px\u00a0\u00bb background_layout=\u00a0\u00bbdark\u00a0\u00bb hover_enabled=\u00a0\u00bb0&Prime; global_colors_info=\u00a0\u00bb{}\u00a0\u00bb sticky_enabled=\u00a0\u00bb0&Prime;][\/et_pb_button][\/et_pb_column][\/et_pb_row][\/et_pb_section]<\/p>\n","protected":false},"excerpt":{"rendered":"<p>Pens\u00e9e historique\u00c9nonc\u00e9 du SSENC\/RESSC sur l\u2019incorporation de concepts de la pens\u00e9e historiqueEn tant qu\u2019enseignantes et enseignants d\u2019histoire, nous soutenons et d\u00e9fendons l\u2019inclusion de concepts historiques dans l\u2019apprentissage des sciences sociales partout au Canada. La pens\u00e9e historique doit \u00eatre ench\u00e2ss\u00e9e dans les programmes provinciaux afin de garantir que tous les enseignantes et enseignants utilisent ces aptitudes. [&hellip;]<\/p>\n","protected":false},"author":1,"featured_media":0,"parent":1025,"menu_order":3,"comment_status":"closed","ping_status":"closed","template":"","meta":{"_et_pb_use_builder":"on","_et_pb_old_content":"","_et_gb_content_width":"","_monsterinsights_skip_tracking":false,"_monsterinsights_sitenote_active":false,"_monsterinsights_sitenote_note":"","_monsterinsights_sitenote_category":0,"footnotes":""},"class_list":["post-1161","page","type-page","status-publish","hentry"],"_links":{"self":[{"href":"https:\/\/ssencressc.ca\/fr\/wp-json\/wp\/v2\/pages\/1161","targetHints":{"allow":["GET"]}}],"collection":[{"href":"https:\/\/ssencressc.ca\/fr\/wp-json\/wp\/v2\/pages"}],"about":[{"href":"https:\/\/ssencressc.ca\/fr\/wp-json\/wp\/v2\/types\/page"}],"author":[{"embeddable":true,"href":"https:\/\/ssencressc.ca\/fr\/wp-json\/wp\/v2\/users\/1"}],"replies":[{"embeddable":true,"href":"https:\/\/ssencressc.ca\/fr\/wp-json\/wp\/v2\/comments?post=1161"}],"version-history":[{"count":5,"href":"https:\/\/ssencressc.ca\/fr\/wp-json\/wp\/v2\/pages\/1161\/revisions"}],"predecessor-version":[{"id":5048,"href":"https:\/\/ssencressc.ca\/fr\/wp-json\/wp\/v2\/pages\/1161\/revisions\/5048"}],"up":[{"embeddable":true,"href":"https:\/\/ssencressc.ca\/fr\/wp-json\/wp\/v2\/pages\/1025"}],"wp:attachment":[{"href":"https:\/\/ssencressc.ca\/fr\/wp-json\/wp\/v2\/media?parent=1161"}],"curies":[{"name":"wp","href":"https:\/\/api.w.org\/{rel}","templated":true}]}}

Pensée historique

<p>[et_pb_section fb_built= »1&Prime; custom_padding_last_edited= »on|desktop » _builder_version= »4.17.4&Prime; background_enable_color= »off » background_image= »https://ssencressc.ca/wp-content/uploads/2022/06/banner_advocacy.jpg » background_position= »top_center » height= »250px » custom_padding= »50px||50px||false|false » custom_padding_tablet= »0px||0px||true|false » custom_padding_phone= »0px||0px||true|false » da_disable_devices= »off|off|off » global_colors_info= »{} » da_is_popup= »off » da_exit_intent= »off » da_has_close= »on » da_alt_close= »off » da_dark_close= »off » da_not_modal= »on » da_is_singular= »off » da_with_loader= »off » da_has_shadow= »on »][et_pb_row _builder_version= »4.16&Prime; background_size= »initial » background_position= »top_left » background_repeat= »repeat » global_colors_info= »{} »][et_pb_column type= »4_4&Prime; _builder_version= »4.16&Prime; custom_padding= »||| » global_colors_info= »{} » custom_padding__hover= »||| »][et_pb_text admin_label= »Page Title » _builder_version= »4.18.0&Prime; header_text_color= »#FFFFFF » header_font_size= »60px » background_size= »initial » background_position= »top_left » background_repeat= »repeat » max_width= »65% » max_width_tablet= »100% » max_width_phone= »100% » max_width_last_edited= »on|desktop » header_font_size_tablet= »50px » header_font_size_phone= »40px » header_font_size_last_edited= »on|phone » global_colors_info= »{} »]</p>
<h1>Pensée historique</h1>
<p>[/et_pb_text][/et_pb_column][/et_pb_row][/et_pb_section][et_pb_section fb_built= »1&Prime; module_id= »history » _builder_version= »4.17.4&Prime; _module_preset= »default » custom_padding= »0px||||false|false » da_disable_devices= »off|off|off » global_colors_info= »{} » da_is_popup= »off » da_exit_intent= »off » da_has_close= »on » da_alt_close= »off » da_dark_close= »off » da_not_modal= »on » da_is_singular= »off » da_with_loader= »off » da_has_shadow= »on »][et_pb_row _builder_version= »4.17.4&Prime; _module_preset= »default » global_colors_info= »{} »][et_pb_column type= »4_4&Prime; _builder_version= »4.17.4&Prime; _module_preset= »default » global_colors_info= »{} »][et_pb_text admin_label= »Text Block » _builder_version= »4.18.0&Prime; _module_preset= »default » text_font_size= »30px » text_line_height= »1.25em » header_2_text_color= »#2279bd » header_2_font_size= »30px » custom_margin= »||||false|false » global_colors_info= »{} »]</p>
<h2>Énoncé du SSENC/RESSC sur l’incorporation de concepts de la pensée historique</h2>
<p>[/et_pb_text][et_pb_text admin_label= »Text Block » _builder_version= »4.18.0&Prime; _module_preset= »default » global_colors_info= »{} »]</p>
<p>En tant qu’enseignantes et enseignants d’histoire, nous soutenons et défendons l’inclusion de concepts historiques dans l’apprentissage des sciences sociales partout au Canada. La pensée historique doit être enchâssée dans les programmes provinciaux afin de garantir que tous les enseignantes et enseignants utilisent ces aptitudes. Grâce à l’utilisation de la pensée historique et d’autres formes de pensée critique, les cours d’histoire offrent l’occasion aux élèves de se transformer. Tandis que le contenu des cours d’histoire (événements, dates et personnes) est important, il est encore plus important que les élèves interprètent, analysent et recherchent de l’information historique eux-mêmes plutôt que de simplement l’ingérer. </p>
<p>Un cadre conceptuel qui repose sur six concepts de la pensée historique a été créé. Ces travaux ont été intégrés dans les sphères universitaires canadiennes et les programmes scolaires provinciaux et sont soutenus par un grand nombre d’enseignantes et d’enseignants du primaire et secondaire. La publication The Big Six décrit les six concepts et la façon de les utiliser efficacement. Voici certaines des idées principales du Projet de la pensée historique : </p>
<ul>
<li aria-level="1">Pour établir la pertinence historique, il faut demander aux élèves d’examiner les éléments dont on choisit de se souvenir et pourquoi.  </li>
<li aria-level="1">En utilisant des sources primaires, on peut donner vie à l’histoire grâce à l’étude historique authentique. </li>
<li aria-level="1">Il est utile de définir la continuité et le changement pour développer une meilleure compréhension des événements historiques. </li>
<li aria-level="1">L’analyse des causes et des conséquences exige l’exploration des raisons pour lesquelles les événements se produisent, des facteurs qui y contribuent, des résultats de ces événements et des façons dont les événements ont souvent des conséquences indésirables. </li>
<li aria-level="1">L’adoption d’une perspective historique exige que les élèves comprennent les différentes perspectives entourant un événement historique. </li>
<li aria-level="1">La compréhension de la dimension éthique exige d’examiner les anciens événements selon la lentille du passé plutôt que de les juger en vertu des normes actuelles. </li>
<li aria-level="1">Il est aussi important que les enseignantes et enseignants reconnaissent le caractère contestable des événements historiques – que leur importance peut varier selon le groupe et l’époque. </li>
<li aria-level="1">L’examen de son propre narratif historique doit être une pratique courante de l’enseignement des sciences sociales. </li>
<li aria-level="1">Les enseignantes et enseignants doivent encourager les élèves à créer leur propre narratif historique, au moyen duquel ils peuvent établir leur identité, se situer dans l’histoire et trouver des raisons d’agir. </li>
<li aria-level="1">Les enseignantes et enseignants doivent favoriser la capacité d’agir des élèves et leur permettre de se voir comme acteur dans le processus d’apprentissage de leurs histoires. </li>
</ul>
<p><a href="https://education.alberta.ca/media/160209/program-of-study-grade-10.pdf" target="_blank" rel="noopener"> Il est question de pensée historique à la page 9 du programme de sciences sociales de l’Alberta (2005)</a></p>
<p><a href="https://historicalthinking.ca/historical-thinking-concepts" target="_blank" rel="noopener">https://historicalthinking.ca/historical-thinking-concepts</a></p>
<p><a href="https://tc2.ca/en/creative-collaborative-critical-thinking/resources/thinking-about-history/" target="_blank" rel="noopener">https://tc2.ca/en/creative-collaborative-critical-thinking/resources/thinking-about-history/</a> </p>
<p>[/et_pb_text][/et_pb_column][/et_pb_row][et_pb_row column_structure= »1_2,1_2&Prime; _builder_version= »4.25.1&Prime; _module_preset= »default » custom_margin= »-47px|auto||auto|| » global_colors_info= »{} »][et_pb_column type= »1_2&Prime; _builder_version= »4.25.1&Prime; _module_preset= »default » global_colors_info= »{} »][/et_pb_column][et_pb_column type= »1_2&Prime; _builder_version= »4.25.1&Prime; _module_preset= »default » global_colors_info= »{} »][et_pb_button button_url= »@ET-DC@eyJkeW5hbWljIjp0cnVlLCJjb250ZW50IjoicG9zdF9saW5rX3VybF9wYWdlIiwic2V0dGluZ3MiOnsicG9zdF9pZCI6IjExNjcifX0=@ » button_text= »Continuer à équité, diversité et inclusion » button_alignment= »right » _builder_version= »4.25.1&Prime; _dynamic_attributes= »button_url » _module_preset= »default » custom_button= »on » button_text_size= »14px » background_layout= »dark » hover_enabled= »0&Prime; global_colors_info= »{} » sticky_enabled= »0&Prime;][/et_pb_button][/et_pb_column][/et_pb_row][/et_pb_section]</p>

<p>Pensée historiqueÉnoncé du SSENC/RESSC sur l’incorporation de concepts de la pensée historiqueEn tant qu’enseignantes et enseignants d’histoire, nous soutenons et défendons l’inclusion de concepts historiques dans l’apprentissage des sciences sociales partout au Canada. La pensée historique doit être enchâssée dans les programmes provinciaux afin de garantir que tous les enseignantes et enseignants utilisent ces aptitudes. [&hellip;]</p>
